e
Is 10823 a composite number?
True
Is 161131 a prime number?
False
Is 19517 a prime number?
False
Is 784609 prime?
False
Is 123033 a prime number?
False
Is 6163 prime?
True
Is 44567 a prime number?
False
Is 1049 a prime number?
True
Is 9413 a prime number?
True
Is 705563 composite?
True
Is 19121 prime?
True
Is 3833 a composite number?
False
Is 65833 composite?
True
Is 75547 a prime number?
False
Is 406837 a prime number?
True
Is 123581 prime?
True
Is 359 a prime number?
True
Is 21971 prime?
False
Is 183089 prime?
True
Is 1825591 a prime number?
True
Is 520103 composite?
False
Is 168643 a composite number?
False
Is 98461 composite?
True
Is 5793113 prime?
True
Is 45437 prime?
False
Is 141807 a composite number?
True
Is 22061 composite?
True
Is 82883 prime?
True
Is 48731 a prime number?
True
Is 203783 a prime number?
False
Is 190507 composite?
False
Is 42923 a prime number?
True
Is 65213 prime?
True
Is 8529 a composite number?
True
Is 174733 composite?
True
Is 40231 a prime number?
True
Is 5979 a composite number?
True
Is 248117 a composite number?
False
Is 7451 a composite number?
False
Is 511351 a prime number?
True
Is 269851 a composite number?
False
Is 75311 prime?
False
Is 67033 a composite number?
False
Is 11797 composite?
True
Is 12671 composite?
False
Is 1182683 a prime number?
False
Is 559067 prime?
True
Is 50185 a prime number?
False
Is 104147 composite?
False
Is 16573 a composite number?
False
Is 200771 a prime number?
True
Is 79221 a composite number?
True
Is 569833 a composite number?
True
Is 733069 a composite number?
True
Is 511991 a prime number?
True
Is 755137 a composite number?
False
Is 645179 a prime number?
True
Is 49187 a composite number?
True
Is 137437 composite?
False
Is 166213 a prime number?
False
Is 42589 a composite number?
False
Is 3336553 prime?
False
Is 141397 a prime number?
True
Is 9791 composite?
False
Is 80381 prime?
False
Is 671083 composite?
True
Is 1847 composite?
False
Is 976694 a composite number?
True
Is 19289 prime?
True
Is 7403 prime?
False
Is 42043 prime?
True
Is 3203 prime?
True
Is 77117 prime?
False
Is 11062 a prime number?
False
Is 724639 composite?
False
Is 211 prime?
True
Is 17377 prime?
True
Is 46829 prime?
True
Is 9767 a prime number?
True
Is 11197 prime?
True
Is 60641 prime?
False
Is 24481 prime?
True
Is 5261 composite?
False
Is 23357 a prime number?
True
Is 2053 composite?
False
Is 12601 composite?
False
Is 153557 composite?
False
Is 11967 composite?
True
Is 59113 composite?
False
Is 60859 prime?
True
Is 1187 a composite number?
False
Is 247933 prime?
False
Is 108685 composite?
True
Is 59681 composite?
True
Is 1306751 composite?
False
Is 46022 a composite number?
True
Is 491 composite?
False
Is 13817 a composite number?
True
Is 319369 composite?
True
Is 499855 prime?
False
Is 64131 a composite number?
True
Is 14591 prime?
True
Is 19631 prime?
False
Is 2602637 a prime number?
True
Is 638567 prime?
True
Is 77003 a composite number?
False
Is 183611 prime?
True
Is 13637 a composite number?
True
Is 7433 composite?
False
Is 262811 a composite number?
True
Is 6157 a prime number?
False
Is 63113 a prime number?
True
Is 2605 a composite number?
True
Is 205 composite?
True
Is 19253 a composite number?
True
Is 111409 composite?
False
Is 1007 prime?
False
Is 319 a prime number?
False
Is 32735 a composite number?
True
Is 4861 prime?
True
Is 389659 a composite number?
False
Is 16663 a prime number?
False
Is 140255 a composite number?
True
Is 24305 a composite number?
True
Is 340261 a prime number?
True
Is 86939 a prime number?
True
Is 307178 prime?
False
Is 5097 composite?
True
Is 1937 prime?
False
Is 262439 a prime number?
False
Is 7009 composite?
True
Is 68279 prime?
True
Is 20477 prime?
True
Is 13397 prime?
True
Is 46573 prime?
True
Is 72323 prime?
False
Is 16391 prime?
False
Is 75307 composite?
False
Is 25339 a composite number?
False
Is 751 a composite number?
False
Is 1195 a prime number?
False
Is 2333 composite?
False
Is 866531 a composite number?
True
Is 38219 prime?
True
Is 803 a prime number?
False
Is 85571 prime?
True
Is 510187 prime?
False
Is 72097 composite?
True
Is 1611971 composite?
False
Is 131465 composite?
True
Is 112781 a prime number?
False
Is 575065 composite?
True
Is 239771 composite?
True
Is 1022401 a composite number?
True
Is 683003 a composite number?
False
Is 3163 prime?
True
Is 907 prime?
True
Is 8923 a prime number?
True
Is 38993 prime?
True
Is 34393 composite?
True
Is 8714 a composite number?
True
Is 4177 a composite number?
False
Is 16271 prime?
False
Is 843 a composite number?
True
Is 201935 a composite number?
True
Is 322419 prime?
False
Is 154718 a prime number?
False
Is 1151 prime?
True
Is 2761 composite?
True
Is 9599 composite?
True
Is 100933 a composite number?
True
Is 86477 a composite number?
False
Is 1439 a prime number?
True
Is 125981 composite?
True
Is 3683 composite?
True
Is 819407 prime?
True
Is 493891 composite?
True
Is 728083 prime?
False
Is 26099 composite?
False
Is 358331 a prime number?
True
Is 37619 a composite number?
False
Is 120277 a composite number?
False
Is 77109 a prime number?
False
Is 27923 a composite number?
True
Is 30329 a prime number?
False
Is 71041 composite?
True
Is 18829 a prime number?
False
Is 20287 prime?
True
Is 38477 a prime number?
False
Is 1459 a composite number?
False
Is 48905 prime?
False
Is 961319 a composite number?
False
Is 93787 composite?
False
Is 2734 composite?
True
Is 2459 composite?
False
Is 243889 a prime number?
True
Is 162399 composite?
True
Is 70874 prime?
False
Is 169607 composite?
False
Is 426193 a composite number?
False
Is 107659 a composite number?
True
Is 220717 prime?
False
Is 81611 a composite number?
False
Is 501563 a prime number?
True
Is 21269 a composite number?
False
Is 1151 a prime number?
True
Is 227789 a prime number?
True
Is 88571 a composite number?
True
Is 12955 a composite number?
True
Is 1307551 prime?
False
Is 178387 a prime number?
False
Is 11777 composite?
False
Is 6995 composite?
True
Is 1399 prime?
True
Is 786803 prime?
True
Is 493078 a prime number?
False
Is 5534 prime?
False
Is 4393 a prime number?
False
Is 4541 prime?
False
Is 739 a prime number?
True
Is 3778 a prime number?
False
Is 10559 composite?
False
Is 758851 composite?
False
Is 4265 a composite number?
True
Is 848867 a prime number?
False
Is 1363507 a prime number?
False
Is 58983 composite?
True
Is 18041 a composite number?
False
Is 5671 prime?
False
Is 19105 a prime number?
False
Is 12085 composite?
True
Is 274931 composite?
False
Is 38751 a composite number?
True
Is 4919 prime?
True
Is 30539 prime?
True
Is 15877 prime?
True
Is 11239 prime?
True
Is 319097 a prime number?
True
Is 1769 prime?
False
Is 1748699 a prime number?
True
Is 30403 prime?
True
Is 452201 prime?
True
Is 293 prime?
True
Is 269257 a composite number?
False
Is 181357 composite?
True
Is 34693 prime?
True
Is 4227 composite?
True
Is 5333 a prime number?
True
Is 1259627 a prime number?
True
Is 20341 a prime number?
True
Is 101978 a prime number?
False
Is 31357 composite?
False
Is 13451 a composite number?
False
Is 93 a composite number?
True
Is 73121 prime?
True
Is 222403 a composite number?
False
Is 178329 a composite number?
True
Is 51773 composite?
True
Is 3694 prime?
False
Is 84893 a prime number?
False
Is 5615 a composite number?
True
Is 2846 a composite number?
True
Is 87821 composite?
True
Is 33477 prime?
False
Is 24317 a composite number?
False
Is 182041 a composite number?
False
Is 432422 a prime number?
False
Is 1091 a prime number?
True
Is 3661 a composite number?
True
Is 721541 composite?
True
Is 279269 a prime number?
True
Is 6362 composite?
True
Is 17413 a prime number?
False
Is 73217 a prime number?
False
Is 233929 prime?
False
Is 1649 a composite number?
True
Is 19797 a prime number?
False
Is 64346 composite?
True
Is 10243 composite?
False
Is 166739 a prime number?
True
Is 400753 composite?
False
Is 781039 a prime number?
False
Is 85361 a prime number?
True
Is 250253 prime?
True
Is 104539 prime?
False
Is 30607 composite?
True
Is 622859 a composite number?
True
Is 15659 a composite number?
True
Is 1973 prime?
True
Is 93473 a prime number?
False
Is 260909 a prime number?
False
Is 2939 a composite number?
False
Is 414311 composite?
False
Is 14369 comp